 when 11213 is divided by y.
62
Let a be ((-1)/1*26)/((-36)/1278). Suppose 11*k = a + 551. Calculate the remainder when k is divided by 9.
8
Suppose -5*u + 4*t = -3*u - 16, 4*t + 16 = 0. Suppose -14 = -o - 2*s, 2*o - 2*s = -u*s + 40. Let z = -2 - -72. What is the remainder when z is divided by o?
16
Let x(z) = 259*z**2 + 5*z + 9. What is the remainder when x(-2) is divided by 19?
9
Suppose -k = 2*k - 15. Let q(j) = 95*j - 12. What is the remainder when q(2) is divided by k?
3
Let z = -427 + 437. What is the remainder when -4 + z - 24/(-3) is divided by ((-5)/2)/(2/(-4))?
4
Calculate the remainder when -4 - (-12*14 + (1 - -3) + -6) is divided by 22.
12
Suppose 2*b = -3*y + 34, -3*b + 5*y = -b - 18. Let x = 122 - 155. Let i = x + 99. What is the remainder when i is divided by b?
10
Let z(g) = g**2 + 14*g - 113. Let x be z(9). Suppose 0 = 151*w - 149*w - x. Calculate the remainder when w is divided by 8.
7
Let n(x) = 14*x**2 - x + 2. Let v be n(1). Let z be 28/v - (-34)/255. Calculate the remainder when -62*8/((-8)/z) is divided by 18.
16
Let n(y) = 19*y**3 + 9*y**2 - 10*y - 13. What is the remainder when n(3) is divided by 45?
11
Let w be (-706)/14 + (-108)/189. Let y = w - -60. Let v(l) = 4*l - 2. What is the remainder when y is divided by v(2)?
3
Calculate the remainder when 1262/4*486/63 - 150/175 is divided by 116.
113
Let a be -1*(6/(-10))/((-2)/(-10)). Suppose a*n - 41 + 29 = 0. Suppose -2*f + 77 + n = -h, -5*h + 99 = 2*f. What is the remainder when f is divided by 22?
20
Let b(a) be the first derivative of 4*a**3/3 + a**2 - 3*a + 1. Let i(y) = -133*y + 135. Let w be i(1). What is the remainder when b(w) is divided by 10?
7
What is the remainder when 57/133 - ((-56400)/35)/6 is divided by 29?
8
Suppose 0 = 423*p - 435*p + 3430 + 1154. Calculate the remainder when 823 is divided by p.
59
Let a be (-4)/18 - 34/(-153). Suppose 4*u - 2*u - 5*g = 168, a = -u - 2*g + 84. Calculate the remainder when u is divided by 22.
18
Let u = -209 - -192. What is the remainder when 55 is divided by (9 + (u - -9))*19*1?
17
Let v(k) = 4*k**2 - 23*k + 13. Let x be v(9). Let g = x - 219. Let n = g + 107. Calculate the remainder when n is divided by 10.
8
Let p(z) = -z**3 + 2*z**2 - 6*z + 151. Suppose -2*x + 35 = -27. What is the remainder when p(0) is divided by x?
27
Let u(q) = -q**3 - 5*q**2 + 8*q + 11. Calculate the remainder when ((-628)/(-8))/(5/20) is divided by u(-7).
49
Suppose 12 = -4*s, 5*m + 2*s = -18 - 38. What is the remainder when ((-8)/(-32) + (-70)/(-8))*3 is divided by (5/(m/4))/(2/(-16))?
11
Let h(c) = -7*c**2 + 2 + 17*c - 10 - 2*c**3 - 7 - 37 + 23*c**2. What is the remainder when h(8) is divided by 17?
16
Suppose -60*q + 68*q - 56 = 0. Let t(k) = -k**2 + 38*k - 87. What is the remainder when t(29) is divided by q?
6
Suppose 0 = 4*k - 2*z - 237 + 215, -k - z = -13. Calculate the remainder when 1100 is divided by k.
4
Calculate the remainder when ((-2)/(-5) + (-70)/50)/(20/(-59500)) is divided by 12.
11
Suppose 1272*k = 637*k + 645*k - 550. Calculate the remainder when 496 is divided by k.
1
Let x(n) = 64*n + 360. What is the remainder when x(0) is divided by 26?
22
Let w(z) = -15*z + 64. Let b be w(-13). Let r = -249 + b. Calculate the remainder when 42 is divided by r.
2
Let x be (2/(-3))/((-10)/(-3255)). Let b = -208 - x. Calculate the remainder when b is divided by 4.
1
Suppose -2*k - 2541 = -11*l, -l + 6*l + 4*k = 1155. Calculate the remainder when l is divided by 13.
10
Suppose 84*b = 88*b - 456. Suppose -9*m + 255 = -b. What is the remainder when 489 is divided by m?
38
Let r(h) = 5*h**2 - 38*h - 13. Let m = 515 + -507. Suppose -16 = y - 3*y. What is the remainder when y is divided by r(m)?
2
Let m(k) = -89*k - 2752. Calculate the remainder when 4706 is divided by m(-31).
2
Suppose 0 = 8*a - 3*a - 115. Suppose 5*v = 0, 0*n - 2*v = -5*n - 300. Calculate the remainder when a is divided by (n/210)/((-1)/42).
11
Suppose -36213 = -304*k - 13717. What is the remainder when 159 is divided by k?
11
Suppose -3*i - 60 - 88 = g, i + 40 = 2*g. Suppose 15*y - 16*y - 2*v - 41 = 0, v = -y - 44. Let x = y - i. What is the remainder when 2 is divided by x?
0
Suppose -a - a - 22 = 0. Let x be ((-10)/(-15))/(2/(-3)). Let i = x - a. Calculate the remainder when 49 is divided by i.
9
Calculate the remainder when 49770/28 - ((-168)/16 - -10) is divided by 126.
14
Let r = 174 - 65. Let s = r - 15. Let c(o) = 31*o**2 - o. What is the remainder when s is divided by c(-1)?
30
Let m = -65 + 41. Let r be -2 - m/15 - 320885/(-25). Calculate the remainder when (r/10)/17*(-2)/(-1) is divided by 19.
18
Suppose 5*s - 50 = w, 0*w - 2*w = -4*s + 40. Suppose -s*n + 9 = -9*n. Calculate the remainder when 69 is divided by n.
6
Suppose 651 = -9*s - 69. Let i = 97 + s. What is the remainder when 219 is divided by i?
15
Suppose -2*l = -4*d - 416, -3*l + 588 = 233*d - 230*d. Calculate the remainder when l is divided by 123.
77
Let j = -580 + 586. Suppose 74 = 3*s - t, j*s = s + 5*t + 110. What is the remainder when 362 is divided by s?
24
Let m = 550 + -525. Let c = m + 2. What is the remainder when 146 is divided by c?
11
Let i(m) = 3*m**2 - 19*m + 24. Let j be i(6). Calculate the remainder when 296 is divided by ((-45)/(-4))/(j/96).
56
Let v(x) = 167*x - 1001. Calculate the remainder when v(8) is divided by 7.
6
Suppose 35*s - 23954 = 17*s - 40*s. What is the remainder when 1316 is divided by s?
77
Let j = 4814 - 4653. What is the remainder when j is divided by 54?
53
Let n = 546 + 477. What is the remainder when n is divided by 128?
127
Suppose 4*y = 5*k + 2, -8*k - 11 = -9*k - 3*y. Suppose -k*w + 59 = -5*l + 36, 4*w - 60 = -4*l. What is the remainder when 195 is divided by w?
13
Suppose p - 29 = -0*p. What is the remainder when (-1)/1 + 53537/186 - (-3)/18 is divided by p?
26
Suppose 20*t + 13 = 573. Suppose 5*m + t = 43. What is the remainder when 73 is divided by m?
1
Let l = 1416 - 1312. What is the remainder when 206 is divided by l?
102
Suppose 77*b - 11115 = 64*b. Suppose -5*v = -5*j - b, -2*v = 5*j - 0*j - 321. What is the remainder when v is divided by 34?
32
Suppose 5*k - 76 = 19. Let z(s) = -4*s + k + 3*s - 6*s + 3*s. Calculate the remainder when 19 is divided by z(4).
1
Suppose -3*w = -f - 4*w + 5, -2*f - 4*w + 14 = 0. Suppose -f*v = 3*n - 237, -n + 3*v = -36 - 23. What is the remainder when n is divided by 36?
2
Let h be (6/8)/(25/300). Suppose -h*b + 3*b = -336. What is the remainder when b is divided by 19?
18
Suppose 5248*x - 5250*x + 1066 = 0. What is the remainder when 1632 is divided by x?
33
Let x(l) = l + 5. Let v be x(0). Suppose -v*r + 12 = 2*k - r, 3*r - 9 = 4*k. Suppose -5*g - g + 198 = k. Calculate the remainder when 63 is divided by g.
30
Let d(q) = 2*q**3 + 4*q**2 - 2*q. Let j be d(1). Suppose -n - 18 = -4*n. Let w = j + n. Calculate the remainder when 18 is divided by w.
8
Let a = -5505 - -5685. Calculate the remainder when a is divided by 8.
4
Suppose -4*s + 14 = -5*m + 3*m, -3*s + 21 = -5*m. Suppose s*b = 3*b - 28. Let z = 122066 + -122056. Calculate the remainder when b is divided by z.
8
Let x = 167 + -160. Suppose -5*d + 43 + x = 0. What is the remainder when 69 is divided by d?
9
Let j = -10503 - -10754. Calculate the remainder when j is divided by 122.
7
Let f(d) = 8*d**2 - 40*d - 17. Let l = -18 + 7. Let q(r) = 3*r**2 - 13*r - 6. Let c(u) = l*q(u) + 4*f(u). What is the remainder when c(-5) is divided by 20?
18
What is the remainder when 115 is divided by 176/55*30/12?
3
Let b(p) = -p - 14. Let s be b(-10). Let x = -52 - -50. Calculate the remainder when 13 is divided by 0 - -8*x/s.
1
Suppose -104 = 3*n - 629. Calculate the remainder when n is divided by (-17 + (-1364)/(-22))/(2 + -1).
40
Let p(t) = 34*t**2 - 43*t + 14. Calculate the remainder when 310 is divided by p(2).
54
Let n be 1/((1/3)/1). Suppose -2*u - 12 = 3*u - n*f, u = -f + 4. What is the remainder when 41 is divided by u + 2 + 21 + -15 - 4?
1
Let k = -139 + 142. Suppose 3*v = 2*v + 14. Suppose -r + v = -k. Calculate the remainder when r is divided by 10.
7
Suppose -3*k + 149 = 3*u - 2*k, -4*u + 4*k + 204 = 0. Let j(d) = d**2 - 3*d - 126. What is the remainder when j(18) is divided by u?
44
Suppose 2*f - 289 - 51 = 0. What is the remainder when f is divided by (-2)/37 + 1333